{"id":34346,"date":"2021-09-29T16:44:54","date_gmt":"2021-09-29T16:44:54","guid":{"rendered":"https:\/\/maryviviendas.es\/inmuebles\/chalet-monte-carmelo-vera-playa\/"},"modified":"2021-09-29T16:44:54","modified_gmt":"2021-09-29T16:44:54","slug":"chalet-monte-carmelo-vera-playa","status":"publish","type":"property","link":"https:\/\/maryviviendas.es\/en\/inmuebles\/chalet-monte-carmelo-vera-playa\/","title":{"rendered":"CHALET MONTE CARMELO VERA-PLAYA"},"content":{"rendered":"<p><b>VILLA \/ CHALET independiente en nueva zona residencial ( Vera-playa ), con para construir su hermosa vivienda en este caso le presentamos este modelo, que tiene 90 m2 y su distribuci\u00f3n es de tres dormitorios, dos ba\u00f1os, sal\u00f3n comedor , cocina abierta al sal\u00f3n, hermosos jardines y piscina.<br \/>\nEN ESTE PRECIO ESTA INCLUIDA LA PARCELA:<\/b><\/p>\n<p><b>INFORMESE DE TODOS LOS MODELOS EXCLUSIVOS CON DETALLES UNICOS !!!!<\/b><\/p>\n<p><strong>PRICES FROM 279.950 \u20ac<\/strong><\/p>\n<p>&nbsp;<\/p>\n","protected":false},"excerpt":{"rendered":"<p>VILLA \/ CHALET independiente en nueva zona residencial ( Vera-playa ), con para construir su hermosa vivienda en este caso le presentamos este modelo, que tiene 90 m2 y su distribuci\u00f3n es de tres dormitorios, dos ba\u00f1os, sal\u00f3n comedor , cocina abierta al sal\u00f3n, hermosos jardines y piscina. EN ESTE PRECIO ESTA INCLUIDA LA PARCELA: [&hellip;]<\/p>\n","protected":false},"author":3,"featured_media":53523,"parent":0,"menu_order":0,"comment_status":"open","ping_status":"closed","template":"","property-types":[114,113],"property-statuses":[112],"property-cities":[108],"property-features":[110,109,103,111],"class_list":["post-34346","property","type-property","status-publish","has-post-thumbnail","hentry","property-type-new-construction","property-type-villas-y-chalets-en","property-status-on-sale","property-city-vera-playa-en","property-feature-east-orientation","property-feature-swimming-pool-en","property-feature-terrace","property-feature-video-intercom","clearfix"],"yoast_head":"<!-- This site is optimized with the Yoast SEO plugin v27.1.1 - https:\/\/yoast.com\/product\/yoast-seo-wordpress\/ -->\n<title>CHALET MONTE CARMELO VERA-PLAYA &#8226; Mar y Viviendas<\/title>\n<meta name=\"robots\" content=\"index, follow, max-snippet:-1, max-image-preview:large, max-video-preview:-1\" \/>\n<link rel=\"canonical\" href=\"https:\/\/maryviviendas.es\/en\/inmuebles\/chalet-monte-carmelo-vera-playa\/\" \/>\n<meta property=\"og:locale\" content=\"en_US\" \/>\n<meta property=\"og:type\" content=\"article\" \/>\n<meta property=\"og:title\" content=\"CHALET MONTE CARMELO VERA-PLAYA &#8226; Mar y Viviendas\" \/>\n<meta property=\"og:description\" content=\"VILLA \/ CHALET independiente en nueva zona residencial ( Vera-playa ), con para construir su hermosa vivienda en este caso le presentamos este modelo, que tiene 90 m2 y su distribuci\u00f3n es de tres dormitorios, dos ba\u00f1os, sal\u00f3n comedor , cocina abierta al sal\u00f3n, hermosos jardines y piscina. EN ESTE PRECIO ESTA INCLUIDA LA PARCELA: [&hellip;]\" \/>\n<meta property=\"og:url\" content=\"https:\/\/maryviviendas.es\/en\/inmuebles\/chalet-monte-carmelo-vera-playa\/\" \/>\n<meta property=\"og:site_name\" content=\"Mar y Viviendas\" \/>\n<meta property=\"article:publisher\" content=\"https:\/\/www.facebook.com\/maryviviendas\/\" \/>\n<meta property=\"og:image\" content=\"https:\/\/maryviviendas.es\/wp-content\/uploads\/2025\/09\/02.jpg\" \/>\n\t<meta property=\"og:image:width\" content=\"842\" \/>\n\t<meta property=\"og:image:height\" content=\"596\" \/>\n\t<meta property=\"og:image:type\" content=\"image\/jpeg\" \/>\n<meta name=\"twitter:card\" content=\"summary_large_image\" \/>\n<script type=\"application\/ld+json\" class=\"yoast-schema-graph\">{\"@context\":\"https:\/\/schema.org\",\"@graph\":[{\"@type\":\"WebPage\",\"@id\":\"https:\/\/maryviviendas.es\/en\/inmuebles\/chalet-monte-carmelo-vera-playa\/\",\"url\":\"https:\/\/maryviviendas.es\/en\/inmuebles\/chalet-monte-carmelo-vera-playa\/\",\"name\":\"CHALET MONTE CARMELO VERA-PLAYA &#8226; Mar y Viviendas\",\"isPartOf\":{\"@id\":\"https:\/\/maryviviendas.es\/en\/#website\"},\"primaryImageOfPage\":{\"@id\":\"https:\/\/maryviviendas.es\/en\/inmuebles\/chalet-monte-carmelo-vera-playa\/#primaryimage\"},\"image\":{\"@id\":\"https:\/\/maryviviendas.es\/en\/inmuebles\/chalet-monte-carmelo-vera-playa\/#primaryimage\"},\"thumbnailUrl\":\"https:\/\/maryviviendas.es\/wp-content\/uploads\/2021\/09\/20250925_105130.jpg?v=1759226330\",\"datePublished\":\"2021-09-29T16:44:54+00:00\",\"breadcrumb\":{\"@id\":\"https:\/\/maryviviendas.es\/en\/inmuebles\/chalet-monte-carmelo-vera-playa\/#breadcrumb\"},\"inLanguage\":\"en-US\",\"potentialAction\":[{\"@type\":\"ReadAction\",\"target\":[\"https:\/\/maryviviendas.es\/en\/inmuebles\/chalet-monte-carmelo-vera-playa\/\"]}]},{\"@type\":\"ImageObject\",\"inLanguage\":\"en-US\",\"@id\":\"https:\/\/maryviviendas.es\/en\/inmuebles\/chalet-monte-carmelo-vera-playa\/#primaryimage\",\"url\":\"https:\/\/maryviviendas.es\/wp-content\/uploads\/2021\/09\/20250925_105130.jpg?v=1759226330\",\"contentUrl\":\"https:\/\/maryviviendas.es\/wp-content\/uploads\/2021\/09\/20250925_105130.jpg?v=1759226330\",\"width\":1024,\"height\":577},{\"@type\":\"BreadcrumbList\",\"@id\":\"https:\/\/maryviviendas.es\/en\/inmuebles\/chalet-monte-carmelo-vera-playa\/#breadcrumb\",\"itemListElement\":[{\"@type\":\"ListItem\",\"position\":1,\"name\":\"Portada\",\"item\":\"https:\/\/maryviviendas.es\/en\/home\/\"},{\"@type\":\"ListItem\",\"position\":2,\"name\":\"Properties\",\"item\":\"https:\/\/maryviviendas.es\/en\/inmuebles\/\"},{\"@type\":\"ListItem\",\"position\":3,\"name\":\"CHALET MONTE CARMELO VERA-PLAYA\"}]},{\"@type\":\"WebSite\",\"@id\":\"https:\/\/maryviviendas.es\/en\/#website\",\"url\":\"https:\/\/maryviviendas.es\/en\/\",\"name\":\"Mar y Viviendas\",\"description\":\"Donde el mar se encuentra con tu hogar\",\"publisher\":{\"@id\":\"https:\/\/maryviviendas.es\/en\/#organization\"},\"alternateName\":\"MaryViviendas\",\"potentialAction\":[{\"@type\":\"SearchAction\",\"target\":{\"@type\":\"EntryPoint\",\"urlTemplate\":\"https:\/\/maryviviendas.es\/en\/?s={search_term_string}\"},\"query-input\":{\"@type\":\"PropertyValueSpecification\",\"valueRequired\":true,\"valueName\":\"search_term_string\"}}],\"inLanguage\":\"en-US\"},{\"@type\":\"Organization\",\"@id\":\"https:\/\/maryviviendas.es\/en\/#organization\",\"name\":\"Mar y Viviendas Inmobiliaria\",\"alternateName\":\"Mar & Viviendas\",\"url\":\"https:\/\/maryviviendas.es\/en\/\",\"logo\":{\"@type\":\"ImageObject\",\"inLanguage\":\"en-US\",\"@id\":\"https:\/\/maryviviendas.es\/en\/#\/schema\/logo\/image\/\",\"url\":\"https:\/\/maryviviendas.es\/wp-content\/uploads\/2025\/09\/cropped-02.jpg\",\"contentUrl\":\"https:\/\/maryviviendas.es\/wp-content\/uploads\/2025\/09\/cropped-02.jpg\",\"width\":512,\"height\":512,\"caption\":\"Mar y Viviendas Inmobiliaria\"},\"image\":{\"@id\":\"https:\/\/maryviviendas.es\/en\/#\/schema\/logo\/image\/\"},\"sameAs\":[\"https:\/\/www.facebook.com\/maryviviendas\/\"]}]}<\/script>\n<!-- \/ Yoast SEO plugin. -->","yoast_head_json":{"title":"CHALET MONTE CARMELO VERA-PLAYA &#8226; Mar y Viviendas","robots":{"index":"index","follow":"follow","max-snippet":"max-snippet:-1","max-image-preview":"max-image-preview:large","max-video-preview":"max-video-preview:-1"},"canonical":"https:\/\/maryviviendas.es\/en\/inmuebles\/chalet-monte-carmelo-vera-playa\/","og_locale":"en_US","og_type":"article","og_title":"CHALET MONTE CARMELO VERA-PLAYA &#8226; Mar y Viviendas","og_description":"VILLA \/ CHALET independiente en nueva zona residencial ( Vera-playa ), con para construir su hermosa vivienda en este caso le presentamos este modelo, que tiene 90 m2 y su distribuci\u00f3n es de tres dormitorios, dos ba\u00f1os, sal\u00f3n comedor , cocina abierta al sal\u00f3n, hermosos jardines y piscina. EN ESTE PRECIO ESTA INCLUIDA LA PARCELA: [&hellip;]","og_url":"https:\/\/maryviviendas.es\/en\/inmuebles\/chalet-monte-carmelo-vera-playa\/","og_site_name":"Mar y Viviendas","article_publisher":"https:\/\/www.facebook.com\/maryviviendas\/","og_image":[{"width":842,"height":596,"url":"https:\/\/maryviviendas.es\/wp-content\/uploads\/2025\/09\/02.jpg","type":"image\/jpeg"}],"twitter_card":"summary_large_image","schema":{"@context":"https:\/\/schema.org","@graph":[{"@type":"WebPage","@id":"https:\/\/maryviviendas.es\/en\/inmuebles\/chalet-monte-carmelo-vera-playa\/","url":"https:\/\/maryviviendas.es\/en\/inmuebles\/chalet-monte-carmelo-vera-playa\/","name":"CHALET MONTE CARMELO VERA-PLAYA &#8226; Mar y Viviendas","isPartOf":{"@id":"https:\/\/maryviviendas.es\/en\/#website"},"primaryImageOfPage":{"@id":"https:\/\/maryviviendas.es\/en\/inmuebles\/chalet-monte-carmelo-vera-playa\/#primaryimage"},"image":{"@id":"https:\/\/maryviviendas.es\/en\/inmuebles\/chalet-monte-carmelo-vera-playa\/#primaryimage"},"thumbnailUrl":"https:\/\/maryviviendas.es\/wp-content\/uploads\/2021\/09\/20250925_105130.jpg?v=1759226330","datePublished":"2021-09-29T16:44:54+00:00","breadcrumb":{"@id":"https:\/\/maryviviendas.es\/en\/inmuebles\/chalet-monte-carmelo-vera-playa\/#breadcrumb"},"inLanguage":"en-US","potentialAction":[{"@type":"ReadAction","target":["https:\/\/maryviviendas.es\/en\/inmuebles\/chalet-monte-carmelo-vera-playa\/"]}]},{"@type":"ImageObject","inLanguage":"en-US","@id":"https:\/\/maryviviendas.es\/en\/inmuebles\/chalet-monte-carmelo-vera-playa\/#primaryimage","url":"https:\/\/maryviviendas.es\/wp-content\/uploads\/2021\/09\/20250925_105130.jpg?v=1759226330","contentUrl":"https:\/\/maryviviendas.es\/wp-content\/uploads\/2021\/09\/20250925_105130.jpg?v=1759226330","width":1024,"height":577},{"@type":"BreadcrumbList","@id":"https:\/\/maryviviendas.es\/en\/inmuebles\/chalet-monte-carmelo-vera-playa\/#breadcrumb","itemListElement":[{"@type":"ListItem","position":1,"name":"Portada","item":"https:\/\/maryviviendas.es\/en\/home\/"},{"@type":"ListItem","position":2,"name":"Properties","item":"https:\/\/maryviviendas.es\/en\/inmuebles\/"},{"@type":"ListItem","position":3,"name":"CHALET MONTE CARMELO VERA-PLAYA"}]},{"@type":"WebSite","@id":"https:\/\/maryviviendas.es\/en\/#website","url":"https:\/\/maryviviendas.es\/en\/","name":"Mar y Viviendas","description":"Donde el mar se encuentra con tu hogar","publisher":{"@id":"https:\/\/maryviviendas.es\/en\/#organization"},"alternateName":"MaryViviendas","potentialAction":[{"@type":"SearchAction","target":{"@type":"EntryPoint","urlTemplate":"https:\/\/maryviviendas.es\/en\/?s={search_term_string}"},"query-input":{"@type":"PropertyValueSpecification","valueRequired":true,"valueName":"search_term_string"}}],"inLanguage":"en-US"},{"@type":"Organization","@id":"https:\/\/maryviviendas.es\/en\/#organization","name":"Mar y Viviendas Inmobiliaria","alternateName":"Mar & Viviendas","url":"https:\/\/maryviviendas.es\/en\/","logo":{"@type":"ImageObject","inLanguage":"en-US","@id":"https:\/\/maryviviendas.es\/en\/#\/schema\/logo\/image\/","url":"https:\/\/maryviviendas.es\/wp-content\/uploads\/2025\/09\/cropped-02.jpg","contentUrl":"https:\/\/maryviviendas.es\/wp-content\/uploads\/2025\/09\/cropped-02.jpg","width":512,"height":512,"caption":"Mar y Viviendas Inmobiliaria"},"image":{"@id":"https:\/\/maryviviendas.es\/en\/#\/schema\/logo\/image\/"},"sameAs":["https:\/\/www.facebook.com\/maryviviendas\/"]}]}},"_links":{"self":[{"href":"https:\/\/maryviviendas.es\/en\/wp-json\/wp\/v2\/properties\/34346","targetHints":{"allow":["GET"]}}],"collection":[{"href":"https:\/\/maryviviendas.es\/en\/wp-json\/wp\/v2\/properties"}],"about":[{"href":"https:\/\/maryviviendas.es\/en\/wp-json\/wp\/v2\/types\/property"}],"author":[{"embeddable":true,"href":"https:\/\/maryviviendas.es\/en\/wp-json\/wp\/v2\/users\/3"}],"replies":[{"embeddable":true,"href":"https:\/\/maryviviendas.es\/en\/wp-json\/wp\/v2\/comments?post=34346"}],"version-history":[{"count":0,"href":"https:\/\/maryviviendas.es\/en\/wp-json\/wp\/v2\/properties\/34346\/revisions"}],"wp:featuredmedia":[{"embeddable":true,"href":"https:\/\/maryviviendas.es\/en\/wp-json\/wp\/v2\/media\/53523"}],"wp:attachment":[{"href":"https:\/\/maryviviendas.es\/en\/wp-json\/wp\/v2\/media?parent=34346"}],"wp:term":[{"taxonomy":"property-type","embeddable":true,"href":"https:\/\/maryviviendas.es\/en\/wp-json\/wp\/v2\/property-types?post=34346"},{"taxonomy":"property-status","embeddable":true,"href":"https:\/\/maryviviendas.es\/en\/wp-json\/wp\/v2\/property-statuses?post=34346"},{"taxonomy":"property-city","embeddable":true,"href":"https:\/\/maryviviendas.es\/en\/wp-json\/wp\/v2\/property-cities?post=34346"},{"taxonomy":"property-feature","embeddable":true,"href":"https:\/\/maryviviendas.es\/en\/wp-json\/wp\/v2\/property-features?post=34346"}],"curies":[{"name":"wp","href":"https:\/\/api.w.org\/{rel}","templated":true}]}}

<p><b>VILLA / CHALET independiente en nueva zona residencial ( Vera-playa ), con para construir su hermosa vivienda en este caso le presentamos este modelo, que tiene 90 m2 y su distribución es de tres dormitorios, dos baños, salón comedor , cocina abierta al salón, hermosos jardines y piscina.<br />
EN ESTE PRECIO ESTA INCLUIDA LA PARCELA:</b></p>
<p><b>INFORMESE DE TODOS LOS MODELOS EXCLUSIVOS CON DETALLES UNICOS !!!!</b></p>
<p><strong>PRICES FROM 279.950 €</strong></p>
<p>&nbsp;</p>

<p>VILLA / CHALET independiente en nueva zona residencial ( Vera-playa ), con para construir su hermosa vivienda en este caso le presentamos este modelo, que tiene 90 m2 y su distribución es de tres dormitorios, dos baños, salón comedor , cocina abierta al salón, hermosos jardines y piscina. EN ESTE PRECIO ESTA INCLUIDA LA PARCELA: [&hellip;]</p>

<!-- This site is optimized with the Yoast SEO plugin v27.1.1 - https://yoast.com/product/yoast-seo-wordpress/ -->
<title>CHALET MONTE CARMELO VERA-PLAYA &#8226; Mar y Viviendas</title>
<meta name="robots" content="index, follow, max-snippet:-1, max-image-preview:large, max-video-preview:-1" />
<link rel="canonical" href="https://maryviviendas.es/en/inmuebles/chalet-monte-carmelo-vera-playa/" />
<meta property="og:locale" content="en_US" />
<meta property="og:type" content="article" />
<meta property="og:title" content="CHALET MONTE CARMELO VERA-PLAYA &#8226; Mar y Viviendas" />
<meta property="og:description" content="VILLA / CHALET independiente en nueva zona residencial ( Vera-playa ), con para construir su hermosa vivienda en este caso le presentamos este modelo, que tiene 90 m2 y su distribución es de tres dormitorios, dos baños, salón comedor , cocina abierta al salón, hermosos jardines y piscina. EN ESTE PRECIO ESTA INCLUIDA LA PARCELA: [&hellip;]" />
<meta property="og:url" content="https://maryviviendas.es/en/inmuebles/chalet-monte-carmelo-vera-playa/" />
<meta property="og:site_name" content="Mar y Viviendas" />
<meta property="article:publisher" content="https://www.facebook.com/maryviviendas/" />
<meta property="og:image" content="https://maryviviendas.es/wp-content/uploads/2025/09/02.jpg" />
	<meta property="og:image:width" content="842" />
	<meta property="og:image:height" content="596" />
	<meta property="og:image:type" content="image/jpeg" />
<meta name="twitter:card" content="summary_large_image" />
<script type="application/ld+json" class="yoast-schema-graph">{"@context":"https://schema.org","@graph":[{"@type":"WebPage","@id":"https://maryviviendas.es/en/inmuebles/chalet-monte-carmelo-vera-playa/","url":"https://maryviviendas.es/en/inmuebles/chalet-monte-carmelo-vera-playa/","name":"CHALET MONTE CARMELO VERA-PLAYA &#8226; Mar y Viviendas","isPartOf":{"@id":"https://maryviviendas.es/en/#website"},"primaryImageOfPage":{"@id":"https://maryviviendas.es/en/inmuebles/chalet-monte-carmelo-vera-playa/#primaryimage"},"image":{"@id":"https://maryviviendas.es/en/inmuebles/chalet-monte-carmelo-vera-playa/#primaryimage"},"thumbnailUrl":"https://maryviviendas.es/wp-content/uploads/2021/09/20250925_105130.jpg?v=1759226330","datePublished":"2021-09-29T16:44:54+00:00","breadcrumb":{"@id":"https://maryviviendas.es/en/inmuebles/chalet-monte-carmelo-vera-playa/#breadcrumb"},"inLanguage":"en-US","potentialAction":[{"@type":"ReadAction","target":["https://maryviviendas.es/en/inmuebles/chalet-monte-carmelo-vera-playa/"]}]},{"@type":"ImageObject","inLanguage":"en-US","@id":"https://maryviviendas.es/en/inmuebles/chalet-monte-carmelo-vera-playa/#primaryimage","url":"https://maryviviendas.es/wp-content/uploads/2021/09/20250925_105130.jpg?v=1759226330","contentUrl":"https://maryviviendas.es/wp-content/uploads/2021/09/20250925_105130.jpg?v=1759226330","width":1024,"height":577},{"@type":"BreadcrumbList","@id":"https://maryviviendas.es/en/inmuebles/chalet-monte-carmelo-vera-playa/#breadcrumb","itemListElement":[{"@type":"ListItem","position":1,"name":"Portada","item":"https://maryviviendas.es/en/home/"},{"@type":"ListItem","position":2,"name":"Properties","item":"https://maryviviendas.es/en/inmuebles/"},{"@type":"ListItem","position":3,"name":"CHALET MONTE CARMELO VERA-PLAYA"}]},{"@type":"WebSite","@id":"https://maryviviendas.es/en/#website","url":"https://maryviviendas.es/en/","name":"Mar y Viviendas","description":"Donde el mar se encuentra con tu hogar","publisher":{"@id":"https://maryviviendas.es/en/#organization"},"alternateName":"MaryViviendas","potentialAction":[{"@type":"SearchAction","target":{"@type":"EntryPoint","urlTemplate":"https://maryviviendas.es/en/?s={search_term_string}"},"query-input":{"@type":"PropertyValueSpecification","valueRequired":true,"valueName":"search_term_string"}}],"inLanguage":"en-US"},{"@type":"Organization","@id":"https://maryviviendas.es/en/#organization","name":"Mar y Viviendas Inmobiliaria","alternateName":"Mar & Viviendas","url":"https://maryviviendas.es/en/","logo":{"@type":"ImageObject","inLanguage":"en-US","@id":"https://maryviviendas.es/en/#/schema/logo/image/","url":"https://maryviviendas.es/wp-content/uploads/2025/09/cropped-02.jpg","contentUrl":"https://maryviviendas.es/wp-content/uploads/2025/09/cropped-02.jpg","width":512,"height":512,"caption":"Mar y Viviendas Inmobiliaria"},"image":{"@id":"https://maryviviendas.es/en/#/schema/logo/image/"},"sameAs":["https://www.facebook.com/maryviviendas/"]}]}</script>
<!-- / Yoast SEO plugin. -->

VILLA / CHALET independiente en nueva zona residencial ( Vera-playa ), con para construir su hermosa vivienda en este caso le presentamos este modelo, que tiene 90 m2 y su distribución es de tres dormitorios, dos baños, salón comedor , cocina abierta al salón, hermosos jardines y piscina. EN ESTE PRECIO ESTA INCLUIDA LA PARCELA: [&hellip;]
